{"id":8,"date":"2014-09-17T21:18:57","date_gmt":"2014-09-18T00:18:57","guid":{"rendered":"https:\/\/www.analuisatalavera.com.br\/novo\/?page_id=8"},"modified":"2024-09-18T17:03:41","modified_gmt":"2024-09-18T20:03:41","slug":"perfil","status":"publish","type":"page","link":"https:\/\/www.analuisatalavera.com.br\/novo\/perfil\/","title":{"rendered":"Equipe"},"content":{"rendered":"<div id=\"pl-8\"  class=\"panel-layout\" ><div id=\"pg-8-0\"  class=\"panel-grid panel-no-style\" ><div id=\"pgc-8-0-0\"  class=\"panel-grid-cell\" ><div id=\"panel-8-0-0-0\" class=\"so-panel widget widget_media_image panel-first-child panel-last-child\" data-index=\"0\" ><div style=\"width: 235px\" class=\"wp-caption alignnone\"><img fetchpriority=\"high\" decoding=\"async\" data-attachment-id=\"441\" data-permalink=\"https:\/\/www.analuisatalavera.com.br\/novo\/perfil\/anatalavera-3\/\" data-orig-file=\"https:\/\/www.analuisatalavera.com.br\/novo\/wp-content\/uploads\/2024\/09\/anatalavera.jpg\" data-orig-size=\"427,640\" data-comments-opened=\"1\" data-image-meta=\"{&quot;aperture&quot;:&quot;0&quot;,&quot;credit&quot;:&quot;&quot;,&quot;camera&quot;:&quot;&quot;,&quot;caption&quot;:&quot;&quot;,&quot;created_timestamp&quot;:&quot;0&quot;,&quot;copyright&quot;:&quot;&quot;,&quot;focal_length&quot;:&quot;0&quot;,&quot;iso&quot;:&quot;0&quot;,&quot;shutter_speed&quot;:&quot;0&quot;,&quot;title&quot;:&quot;&quot;,&quot;orientation&quot;:&quot;0&quot;}\" data-image-title=\"anatalavera\" data-image-description=\"\" data-image-caption=\"\" data-medium-file=\"https:\/\/www.analuisatalavera.com.br\/novo\/wp-content\/uploads\/2024\/09\/anatalavera-200x300.jpg\" data-large-file=\"https:\/\/www.analuisatalavera.com.br\/novo\/wp-content\/uploads\/2024\/09\/anatalavera.jpg\" tabindex=\"0\" role=\"button\" width=\"225\" height=\"337\" src=\"https:\/\/www.analuisatalavera.com.br\/novo\/wp-content\/uploads\/2024\/09\/anatalavera.jpg\" class=\"image wp-image-441  attachment-225x337 size-225x337\" alt=\"\" style=\"max-width: 100%; height: auto;\" srcset=\"https:\/\/www.analuisatalavera.com.br\/novo\/wp-content\/uploads\/2024\/09\/anatalavera.jpg 427w, https:\/\/www.analuisatalavera.com.br\/novo\/wp-content\/uploads\/2024\/09\/anatalavera-200x300.jpg 200w\" sizes=\"(max-width: 225px) 100vw, 225px\" data-attachment-id=\"441\" data-permalink=\"https:\/\/www.analuisatalavera.com.br\/novo\/perfil\/anatalavera-3\/\" data-orig-file=\"https:\/\/www.analuisatalavera.com.br\/novo\/wp-content\/uploads\/2024\/09\/anatalavera.jpg\" data-orig-size=\"427,640\" data-comments-opened=\"1\" data-image-meta=\"{&quot;aperture&quot;:&quot;0&quot;,&quot;credit&quot;:&quot;&quot;,&quot;camera&quot;:&quot;&quot;,&quot;caption&quot;:&quot;&quot;,&quot;created_timestamp&quot;:&quot;0&quot;,&quot;copyright&quot;:&quot;&quot;,&quot;focal_length&quot;:&quot;0&quot;,&quot;iso&quot;:&quot;0&quot;,&quot;shutter_speed&quot;:&quot;0&quot;,&quot;title&quot;:&quot;&quot;,&quot;orientation&quot;:&quot;0&quot;}\" data-image-title=\"anatalavera\" data-image-description=\"\" data-image-caption=\"\" data-medium-file=\"https:\/\/www.analuisatalavera.com.br\/novo\/wp-content\/uploads\/2024\/09\/anatalavera-200x300.jpg\" data-large-file=\"https:\/\/www.analuisatalavera.com.br\/novo\/wp-content\/uploads\/2024\/09\/anatalavera.jpg\" tabindex=\"0\" role=\"button\" \/><p class=\"wp-caption-text\">Ana Luisa Talavera<br>\nEngenheira Agron\u00f4ma e Paisagista<\/p><\/div><\/div><\/div><div id=\"pgc-8-0-1\"  class=\"panel-grid-cell\" ><div id=\"panel-8-0-1-0\" class=\"so-panel widget widget_sow-editor panel-first-child panel-last-child\" data-index=\"1\" ><div\n\t\t\t\n\t\t\tclass=\"so-widget-sow-editor so-widget-sow-editor-base\"\n\t\t\t\n\t\t>\n<div class=\"siteorigin-widget-tinymce textwidget\">\n\t<p>&nbsp;<\/p>\n<p>&nbsp;<\/p>\n<p>Formada em Engenharia Agron\u00f4mica pela Universidade Estadual Paulista \u201cJ\u00falio de Mesquita Filho\u201d \u2013 Faculdade de Ci\u00eancias Agron\u00f4micas \u2013 UNESP \/ Botucatu \u2013 SP em 2009.<\/p>\n<p>&nbsp;<\/p>\n<p>Especializada em elabora\u00e7\u00e3o e implanta\u00e7\u00e3o de projetos paisag\u00edsticos residenciais, empresariais e rurais, prestando tamb\u00e9m consultoria em tratamento fitossanit\u00e1rio, aduba\u00e7\u00e3o, condu\u00e7\u00e3o e manuten\u00e7\u00e3o correta das plantas.<\/p>\n<\/div>\n<\/div><\/div><\/div><\/div><div id=\"pg-8-1\"  class=\"panel-grid panel-no-style\" ><div id=\"pgc-8-1-0\"  class=\"panel-grid-cell\" ><div id=\"panel-8-1-0-0\" class=\"so-panel widget widget_sow-editor panel-first-child panel-last-child\" data-index=\"2\" ><div\n\t\t\t\n\t\t\tclass=\"so-widget-sow-editor so-widget-sow-editor-base\"\n\t\t\t\n\t\t>\n<div class=\"siteorigin-widget-tinymce textwidget\">\n\t<hr \/>\n<\/div>\n<\/div><\/div><\/div><\/div><div id=\"pg-8-2\"  class=\"panel-grid panel-no-style\" ><div id=\"pgc-8-2-0\"  class=\"panel-grid-cell\" ><div id=\"panel-8-2-0-0\" class=\"so-panel widget widget_media_image panel-first-child panel-last-child\" data-index=\"3\" ><div style=\"width: 235px\" class=\"wp-caption alignnone\"><img decoding=\"async\" data-attachment-id=\"443\" data-permalink=\"https:\/\/www.analuisatalavera.com.br\/novo\/perfil\/guilhermearmenio\/\" data-orig-file=\"https:\/\/www.analuisatalavera.com.br\/novo\/wp-content\/uploads\/2024\/09\/guilhermearmenio.jpg\" data-orig-size=\"481,640\" data-comments-opened=\"1\" data-image-meta=\"{&quot;aperture&quot;:&quot;0&quot;,&quot;credit&quot;:&quot;&quot;,&quot;camera&quot;:&quot;&quot;,&quot;caption&quot;:&quot;&quot;,&quot;created_timestamp&quot;:&quot;0&quot;,&quot;copyright&quot;:&quot;&quot;,&quot;focal_length&quot;:&quot;0&quot;,&quot;iso&quot;:&quot;0&quot;,&quot;shutter_speed&quot;:&quot;0&quot;,&quot;title&quot;:&quot;&quot;,&quot;orientation&quot;:&quot;0&quot;}\" data-image-title=\"guilhermearmenio\" data-image-description=\"\" data-image-caption=\"\" data-medium-file=\"https:\/\/www.analuisatalavera.com.br\/novo\/wp-content\/uploads\/2024\/09\/guilhermearmenio-225x300.jpg\" data-large-file=\"https:\/\/www.analuisatalavera.com.br\/novo\/wp-content\/uploads\/2024\/09\/guilhermearmenio.jpg\" tabindex=\"0\" role=\"button\" width=\"225\" height=\"300\" src=\"https:\/\/www.analuisatalavera.com.br\/novo\/wp-content\/uploads\/2024\/09\/guilhermearmenio-225x300.jpg\" class=\"image wp-image-443  attachment-medium size-medium\" alt=\"\" style=\"max-width: 100%; height: auto;\" srcset=\"https:\/\/www.analuisatalavera.com.br\/novo\/wp-content\/uploads\/2024\/09\/guilhermearmenio-225x300.jpg 225w, https:\/\/www.analuisatalavera.com.br\/novo\/wp-content\/uploads\/2024\/09\/guilhermearmenio.jpg 481w\" sizes=\"(max-width: 225px) 100vw, 225px\" data-attachment-id=\"443\" data-permalink=\"https:\/\/www.analuisatalavera.com.br\/novo\/perfil\/guilhermearmenio\/\" data-orig-file=\"https:\/\/www.analuisatalavera.com.br\/novo\/wp-content\/uploads\/2024\/09\/guilhermearmenio.jpg\" data-orig-size=\"481,640\" data-comments-opened=\"1\" data-image-meta=\"{&quot;aperture&quot;:&quot;0&quot;,&quot;credit&quot;:&quot;&quot;,&quot;camera&quot;:&quot;&quot;,&quot;caption&quot;:&quot;&quot;,&quot;created_timestamp&quot;:&quot;0&quot;,&quot;copyright&quot;:&quot;&quot;,&quot;focal_length&quot;:&quot;0&quot;,&quot;iso&quot;:&quot;0&quot;,&quot;shutter_speed&quot;:&quot;0&quot;,&quot;title&quot;:&quot;&quot;,&quot;orientation&quot;:&quot;0&quot;}\" data-image-title=\"guilhermearmenio\" data-image-description=\"\" data-image-caption=\"\" data-medium-file=\"https:\/\/www.analuisatalavera.com.br\/novo\/wp-content\/uploads\/2024\/09\/guilhermearmenio-225x300.jpg\" data-large-file=\"https:\/\/www.analuisatalavera.com.br\/novo\/wp-content\/uploads\/2024\/09\/guilhermearmenio.jpg\" tabindex=\"0\" role=\"button\" \/><p class=\"wp-caption-text\">Guilherme Armenio<br>\nDecorador e Designer<\/p><\/div><\/div><\/div><div id=\"pgc-8-2-1\"  class=\"panel-grid-cell\" ><div id=\"panel-8-2-1-0\" class=\"so-panel widget widget_sow-editor panel-first-child panel-last-child\" data-index=\"4\" ><div\n\t\t\t\n\t\t\tclass=\"so-widget-sow-editor so-widget-sow-editor-base\"\n\t\t\t\n\t\t>\n<div class=\"siteorigin-widget-tinymce textwidget\">\n\t<p>&nbsp;<\/p>\n<p>&nbsp;<\/p>\n<p>Formado em Decora\u00e7\u00e3o e Design de Interiores no Centro de Educa\u00e7\u00e3o Nossa Sra. do Patroc\u00ednio- CEUNSP em 2013 e atualmente cursando P\u00f3s Gradua\u00e7\u00e3o Latu Sensuc na Universidade Estadual \u201c Julio de Mesquita Filho\u201d- UNESP \/ Registro-SP.<\/p>\n<p>&nbsp;<\/p>\n<p>Gerente de projetos do nosso escrit\u00f3rio, possui experiencia em Design de Mobili\u00e1rios e amplo conhecimento em Decora\u00e7\u00e3o o que amplia nossas entregas de Projetos.<\/p>\n<\/div>\n<\/div><\/div><\/div><\/div><div id=\"pg-8-3\"  class=\"panel-grid panel-no-style\" ><div id=\"pgc-8-3-0\"  class=\"panel-grid-cell\" ><div id=\"panel-8-3-0-0\" class=\"so-panel widget widget_sow-editor panel-first-child panel-last-child\" data-index=\"5\" ><div\n\t\t\t\n\t\t\tclass=\"so-widget-sow-editor so-widget-sow-editor-base\"\n\t\t\t\n\t\t>\n<div class=\"siteorigin-widget-tinymce textwidget\">\n\t<hr \/>\n<\/div>\n<\/div><\/div><\/div><\/div><div id=\"pg-8-4\"  class=\"panel-grid panel-no-style\" ><div id=\"pgc-8-4-0\"  class=\"panel-grid-cell\" ><div id=\"panel-8-4-0-0\" class=\"so-panel widget widget_media_image panel-first-child panel-last-child\" data-index=\"6\" ><div style=\"width: 235px\" class=\"wp-caption alignnone\"><img decoding=\"async\" data-attachment-id=\"442\" data-permalink=\"https:\/\/www.analuisatalavera.com.br\/novo\/perfil\/ricardoferrari\/\" data-orig-file=\"https:\/\/www.analuisatalavera.com.br\/novo\/wp-content\/uploads\/2024\/09\/ricardoferrari.jpg\" data-orig-size=\"852,640\" data-comments-opened=\"1\" data-image-meta=\"{&quot;aperture&quot;:&quot;0&quot;,&quot;credit&quot;:&quot;&quot;,&quot;camera&quot;:&quot;&quot;,&quot;caption&quot;:&quot;&quot;,&quot;created_timestamp&quot;:&quot;0&quot;,&quot;copyright&quot;:&quot;&quot;,&quot;focal_length&quot;:&quot;0&quot;,&quot;iso&quot;:&quot;0&quot;,&quot;shutter_speed&quot;:&quot;0&quot;,&quot;title&quot;:&quot;&quot;,&quot;orientation&quot;:&quot;0&quot;}\" data-image-title=\"ricardoferrari\" data-image-description=\"\" data-image-caption=\"\" data-medium-file=\"https:\/\/www.analuisatalavera.com.br\/novo\/wp-content\/uploads\/2024\/09\/ricardoferrari-300x225.jpg\" data-large-file=\"https:\/\/www.analuisatalavera.com.br\/novo\/wp-content\/uploads\/2024\/09\/ricardoferrari.jpg\" tabindex=\"0\" role=\"button\" width=\"225\" height=\"169\" src=\"https:\/\/www.analuisatalavera.com.br\/novo\/wp-content\/uploads\/2024\/09\/ricardoferrari-300x225.jpg\" class=\"image wp-image-442  attachment-225x169 size-225x169\" alt=\"\" style=\"max-width: 100%; height: auto;\" srcset=\"https:\/\/www.analuisatalavera.com.br\/novo\/wp-content\/uploads\/2024\/09\/ricardoferrari-300x225.jpg 300w, https:\/\/www.analuisatalavera.com.br\/novo\/wp-content\/uploads\/2024\/09\/ricardoferrari-768x577.jpg 768w, https:\/\/www.analuisatalavera.com.br\/novo\/wp-content\/uploads\/2024\/09\/ricardoferrari-160x120.jpg 160w, https:\/\/www.analuisatalavera.com.br\/novo\/wp-content\/uploads\/2024\/09\/ricardoferrari.jpg 852w\" sizes=\"(max-width: 225px) 100vw, 225px\" data-attachment-id=\"442\" data-permalink=\"https:\/\/www.analuisatalavera.com.br\/novo\/perfil\/ricardoferrari\/\" data-orig-file=\"https:\/\/www.analuisatalavera.com.br\/novo\/wp-content\/uploads\/2024\/09\/ricardoferrari.jpg\" data-orig-size=\"852,640\" data-comments-opened=\"1\" data-image-meta=\"{&quot;aperture&quot;:&quot;0&quot;,&quot;credit&quot;:&quot;&quot;,&quot;camera&quot;:&quot;&quot;,&quot;caption&quot;:&quot;&quot;,&quot;created_timestamp&quot;:&quot;0&quot;,&quot;copyright&quot;:&quot;&quot;,&quot;focal_length&quot;:&quot;0&quot;,&quot;iso&quot;:&quot;0&quot;,&quot;shutter_speed&quot;:&quot;0&quot;,&quot;title&quot;:&quot;&quot;,&quot;orientation&quot;:&quot;0&quot;}\" data-image-title=\"ricardoferrari\" data-image-description=\"\" data-image-caption=\"\" data-medium-file=\"https:\/\/www.analuisatalavera.com.br\/novo\/wp-content\/uploads\/2024\/09\/ricardoferrari-300x225.jpg\" data-large-file=\"https:\/\/www.analuisatalavera.com.br\/novo\/wp-content\/uploads\/2024\/09\/ricardoferrari.jpg\" tabindex=\"0\" role=\"button\" \/><p class=\"wp-caption-text\">Ricardo Ferrari<br>\nAnalista de Sistemas<\/p><\/div><\/div><\/div><div id=\"pgc-8-4-1\"  class=\"panel-grid-cell\" ><div id=\"panel-8-4-1-0\" class=\"so-panel widget widget_sow-editor panel-first-child panel-last-child\" data-index=\"7\" ><div\n\t\t\t\n\t\t\tclass=\"so-widget-sow-editor so-widget-sow-editor-base\"\n\t\t\t\n\t\t>\n<div class=\"siteorigin-widget-tinymce textwidget\">\n\t<p>&nbsp;<\/p>\n<p>&nbsp;<\/p>\n<p>Formado em An\u00e1lise de Sistemas pela Faculdade Prudente de Moraes de Itu em 2008.\u00a0 Respons\u00e1vel pelo Planejamento, Compras e Log\u00edstica, al\u00e9m de participar com diversas representa\u00e7\u00f5es de fornecedores que agregam aos projetos.<\/p>\n<p>&nbsp;<\/p>\n<p>&nbsp;<\/p>\n<\/div>\n<\/div><\/div><\/div><\/div><\/div>","protected":false},"excerpt":{"rendered":"<p>&nbsp; &nbsp; Formada em Engenharia Agron\u00f4mica pela Universidade Estadual Paulista \u201cJ\u00falio de Mesquita Filho\u201d \u2013 Faculdade de Ci\u00eancias Agron\u00f4micas \u2013 UNESP \/ Botucatu \u2013 SP em 2009. &nbsp; Especializada em elabora\u00e7\u00e3o e implanta\u00e7\u00e3o de projetos paisag\u00edsticos residenciais, empresariais e rurais, prestando tamb\u00e9m consultoria em tratamento fitossanit\u00e1rio, aduba\u00e7\u00e3o, condu\u00e7\u00e3o e manuten\u00e7\u00e3o correta das plantas.<\/p>\n","protected":false},"author":1,"featured_media":0,"parent":0,"menu_order":0,"comment_status":"closed","ping_status":"open","template":"","meta":{"jetpack_post_was_ever_published":false,"footnotes":""},"class_list":["post-8","page","type-page","status-publish","hentry"],"jetpack_shortlink":"https:\/\/wp.me\/P9cLer-8","jetpack-related-posts":[],"jetpack_sharing_enabled":true,"_links":{"self":[{"href":"https:\/\/www.analuisatalavera.com.br\/novo\/wp-json\/wp\/v2\/pages\/8"}],"collection":[{"href":"https:\/\/www.analuisatalavera.com.br\/novo\/wp-json\/wp\/v2\/pages"}],"about":[{"href":"https:\/\/www.analuisatalavera.com.br\/novo\/wp-json\/wp\/v2\/types\/page"}],"author":[{"embeddable":true,"href":"https:\/\/www.analuisatalavera.com.br\/novo\/wp-json\/wp\/v2\/users\/1"}],"replies":[{"embeddable":true,"href":"https:\/\/www.analuisatalavera.com.br\/novo\/wp-json\/wp\/v2\/comments?post=8"}],"version-history":[{"count":23,"href":"https:\/\/www.analuisatalavera.com.br\/novo\/wp-json\/wp\/v2\/pages\/8\/revisions"}],"predecessor-version":[{"id":459,"href":"https:\/\/www.analuisatalavera.com.br\/novo\/wp-json\/wp\/v2\/pages\/8\/revisions\/459"}],"wp:attachment":[{"href":"https:\/\/www.analuisatalavera.com.br\/novo\/wp-json\/wp\/v2\/media?parent=8"}],"curies":[{"name":"wp","href":"https:\/\/api.w.org\/{rel}","templated":true}]}}